 = -77*u + 101*u - 46032. What is the units digit of u?
8
Let x be (-3)/2*16/(-12). What is the units digit of (-13 - 33)*(-1)/x?
3
Suppose 12 = v + u, 0 = 5*v - 5*u - 19 - 11. Suppose 5*y - v*y + 44 = 0. What is the units digit of y?
1
What is the tens digit of (-4)/(-58) + 66044/1102?
6
Suppose -2*n - 96 = 3*z, 2*n + 0*n - 2*z = -96. What is the tens digit of (-3288)/n - 2/(-4)?
6
Let b(a) = -a. Let d be b(-1). What is the tens digit of (-2 + d)/(5/(-315))?
6
Let s(r) = -r**3 + 17*r**2 + r - 16. Suppose -2*f - 39 = -4*f - v, 5*v = -f + 42. What is the units digit of s(f)?
1
Let v(c) = -c. Let x(r) = 5*r**2 - 5*r - 3. Let j(z) = -2*v(z) + x(z). What is the units digit of j(-2)?
3
What is the hundreds digit of (-41041)/(-105) + (-4)/(-30)?
3
What is the hundreds digit of 5/(5/(-88))*(-411)/12?
0
Let f(b) = 86*b**2 + 5*b - 21. What is the hundreds digit of f(4)?
3
Let d(x) = x**2 - 9*x + 5. Let y be d(10). Suppose -y*j + 1704 = -3*j. What is the tens digit of j?
4
What is the tens digit of (-10)/(-2 - 0) + 2585?
9
Let b(z) = z**3 - 11*z**2 - 12*z + 2. Let u be b(12). Suppose 3*s = u*w + 318, 3*s - 106 = 2*s + 3*w. What is the tens digit of s?
0
Suppose 2*d = -c + 8, -5*d = -0*d + 20. What is the units digit of (-11 + c)/(1/20)?
0
Let v(p) = -p**3 + p**2 + p + 1. Let r be v(2). Let z(j) = 56*j**2 - 1. What is the tens digit of z(r)?
5
Let j(f) = -73*f**3 - 7*f**2 - 7*f + 4. What is the hundreds digit of j(-2)?
5
Suppose -9 = -2*q + 19. Suppose -3*m - l = -18, -4*l = 2*m + l - 12. What is the tens digit of q/21 - (-98)/m?
1
Suppose -5*f = 4*l - 17851, -2*l = -12 + 14. What is the units digit of f?
1
Let p be -2*(-1 + 3 + 1). Let l be (-133)/(-14) - (-1)/(-2). What is the tens digit of 26/(-3)*l/p?
1
Let o be 207/45 + 2/5. Suppose -o*l - 2*d + 366 = -3*l, 2*d - 550 = -3*l. What is the units digit of l?
4
Let t(o) = 60*o - 4. Let y be t(4). Suppose y = -7*v + 40. What is the tens digit of v/126 - 742/(-18)?
4
Suppose 0*y + 18 = 6*y. Suppose 4*t - i = 15, -5*i + 10 = -y*i. Suppose t*p - 6*p + 24 = 0. What is the tens digit of p?
2
Let v = 12 - 9. Suppose -v*x + 1 + 8 = 0. Suppose -x*h + 24 = -3. What is the units digit of h?
9
Let k(w) = -w**2 - 11*w - 5. Let a be k(-5). Suppose n = 49 + a. What is the tens digit of n?
7
Let c(b) be the first derivative of b**4/4 - 5*b**3 - 4*b**2 + 12*b + 29. What is the tens digit of c(16)?
4
What is the hundreds digit of 92/736 - (-3031)/8?
3
What is the units digit of (-4396)/(-10) - -1*(-3)/5?
9
Let l = -2098 - -4882. What is the thousands digit of l?
2
Let a(w) = -56*w - 15. What is the hundreds digit of a(-10)?
5
Suppose 3*v + 8*v = 18293. What is the hundreds digit of v?
6
Let u(q) = 130*q - 429. What is the thousands digit of u(28)?
3
Suppose 11*y - 1104 = 909. What is the tens digit of y?
8
Suppose 3*v + 0*v = 0. Suppose 3*c + v*c - 75 = 0. What is the tens digit of c?
2
Suppose 3*z = 2*m - 35, -m - m - z + 23 = 0. Let i(f) = 32*f + 3. Let b be i(1). Let k = b - m. What is the units digit of k?
2
What is the units digit of (2247/6)/(6/(-96)*-8)?
9
Let q(o) = o**2 + 11*o + 15. Let l be (-1)/(-2 + (-10)/(-6)). Suppose l*c = 6*c + 30. What is the units digit of q(c)?
5
Let m(y) = y**3 - 7*y**2 - 34*y + 28. What is the hundreds digit of m(13)?
6
Suppose 2*h + 5*l = 32, 3*h - 54 = l + 11. Let n = h + -12. Let f(o) = -o**3 + 10*o**2 - 3*o - 2. What is the units digit of f(n)?
2
Let d be ((-210)/(-3))/((-4)/(-2) - 0). Suppose 0 = -4*f + 513 + d. What is the hundreds digit of f?
1
What is the hundreds digit of 1/4*2*(1359 - 9)?
6
Let f = -3592 - -5099. What is the hundreds digit of f?
5
Let v = -885 - -1426. What is the tens digit of v?
4
Let q = -1956 + 3313. What is the units digit of q?
7
Let f(r) = r**2 + 12*r + 27. Let q be f(-12). Let z = q - -33. What is the tens digit of z?
6
Let u(v) = -v**3 + 18*v**2 - 24*v + 18. What is the tens digit of u(11)?
0
Let o(n) = -n - 9. Let h be o(-5). Let j be (0 + 1)*(-1 - h). Suppose 4*b - 155 = -2*w + 39, 2*b + j*w - 95 = 0. What is the units digit of b?
9
Let a = -17 + 3. What is the tens digit of (0 + 200/a)/(8/(-28))?
5
Suppose -168*b + 1840 = -160*b. What is the tens digit of b?
3
Suppose -4*g + 2982 = -3198. What is the hundreds digit of g?
5
Let l be ((-10)/2)/(1/3). Let t = l + 11. What is the units digit of (-2)/(((-8)/t)/(-16))?
6
Suppose 5 = 3*m + 3*b - 1, -5*m - 5 = 2*b. What is the units digit of (-14)/m*(-45)/(-10)?
1
Let d(q) = 21*q**2 + 24*q - 109. What is the tens digit of d(4)?
2
Suppose n = -s + 4, 0 = 4*s - s - 5*n - 20. Let a(x) = 0*x + 8 + 2*x**2 + 0*x**2 + s*x + 1. What is the tens digit of a(-5)?
3
Suppose 6*c - 4*d = 5*c + 2484, 2*c = 3*d + 4958. What is the units digit of c?
6
What is the hundreds digit of 2 + (3 - (4 + -1)) - -1483?
4
Let l be (-3 + 3)/(4 - (5 + -3)). Suppose -v - 3 = l, 30 = 4*p + 2*v - 32. What is the tens digit of p?
1
Let v = 156 - 89. Let j = 28 - 75. Let q = v + j. What is the units digit of q?
0
Suppose 4*g = 5*g. Suppose g = -3*m + t + 22, -3*m + 4*t = -t - 14. Suppose 0*q = q - m. What is the units digit of q?
8
Suppose 22*q - 4*m = 26*q - 3260, 3285 = 4*q - m. What is the tens digit of q?
2
Let u = 97 - 93. Let b(h) = h - 2. Let a be b(6). Suppose u + a = 2*o. What is the units digit of o?
4
Let o(t) = -t**3 + 4*t**2 - t + 4. Let g be o(4). Suppose -4*f + g = -8. Let p = f - -5. What is the units digit of p?
7
Let q(h) = -2*h**2 + 62*h - 24. What is the tens digit of q(25)?
7
Suppose -149*v - 3315 = -154*v. What is the hundreds digit of v?
6
Let k(c) = 55*c + 14. What is the tens digit of k(6)?
4
Let o(d) = 1. Let n(j) = -3*j - 26. Let k(u) = -n(u) - 4*o(u). Let a be k(-9). Let g = a - -18. What is the tens digit of g?
1
Suppose -p - 70 = -2*j + 4*p, p = -2. Let q = -27 + j. What is the units digit of q?
3
Suppose 4*k - 19 = -m, -3*m = -2*m + k - 7. Suppose -5*h + 150 = r, 0 = -m*h + 3*r + 78 + 12. Suppose c = h + 8. What is the units digit of c?
8
Let a(u) = u**3 - 8*u**2 + 8*u + 9. Let p(g) = -2*g**3 + 17*g**2 - 16*g - 17. Let q(b) = -11*a(b) - 6*p(b). What is the units digit of q(14)?
5
Suppose -5*l + 4626 = -4204. What is the tens digit of l?
6
Let k be 1 + (20/2)/5. Suppose -5*b + t = -269, k*b - t + 49 = 212. What is the units digit of b?
3
Suppose 11*p = -5*z + 12*p + 4684, 4*p + 1888 = 2*z. What is the tens digit of z?
3
What is the tens digit of (24 - (-1785)/(-75))*(32405 - 0)?
8
Let z = 9 - 7. Suppose 2*f - 16 = -3*d, -5*f = d - 3*d - z. Let j = 6 - d. What is the units digit of j?
2
Suppose 3*p - 2*n + 1 = 9, 8 = 4*p - 2*n. Suppose p = -6*z + 643 - 31. What is the hundreds digit of z?
1
Let r = -104 - -155. What is the units digit of r?
1
Suppose -219 = 5*i - 879. Suppose -h + 434 - i = 0. Suppose -180 = -4*c + 3*j, -3*j + 80 = -5*c + h. What is the units digit of c?
2
Suppose 0*x + 7*x = 28. What is the units digit of ((-47)/3 + x)*-3?
5
Suppose 0 = 7*o - 17048 + 178. Suppose 14*h - o - 544 = 0. What is the units digit of h?
1
Let j(x) = 4*x**2 - 70*x - 11. What is the hundreds digit of j(34)?
2
Let t be 1/3 - ((-122)/3 - 0). Let a = 26 + t. What is the units digit of a?
7
Suppose y - 4*y + 5*o + 14119 = 0, 5*o + 25 = 0. What is the units digit of y?
8
Let a = -30 + 25. Let c be 4/6 - (-42)/(-9). Let g = c - a. What is the units digit of g?
1
Suppose -2448 = -19*l + 21*l. Let n = l - -1762. What is the units digit of n/7 - 1/(-7)?
7
Let w = 51 - 448. Let h = -280 - w. What is the units digit of h?
7
Suppose -3*t - 1182 = -4*s, 0*s + 1194 = 4*s + 3*t. What is the units digit of s?
7
Let h = -601 - -1614. What is the thousands digit of h?
1
Let o be (-3)/(-6) - (-124)/8. Suppose 184 = 4*m + o. What is the units digit of m?
2
Suppose 5*j + 2*f = 116 - 1870, 2*j - 2*f = -710. Let o = -225 - j. What is the tens digit of o?
2
Suppose 5*b - 27*y = -30*y + 11606, b = -2*y + 2317. What is the tens digit of b?
2
Let g(z) = -3*z - 1. Let y(i) = 2*i + 1. Let p(c) = -3*g(c) - 4*y(c). Let x be p(-6). Let q = 58 + x. What is the tens digit of q?
5
Suppose -4*d + 0*p = 4*p + 60, -4*p = -16. Let s = d + -4. Let w = s - -39. What is the tens digit of w?
1
Suppose 0 = 5*x + 10, 54 = -3*b + 7*b - x. Suppose -b*f + 56 + 477 = 0. What is the tens digit of f?
4
Suppose -3*p = -4*y - 7, 3 = -4*y - p - 16. Let q be -1*(1 + (-